*q. What is the tens digit of m?
3
Let a be (-8)/(-3)*27/4. Let f be (-6)/(-4) - (-6)/12*-37. Let o = a + f. What is the units digit of o?
1
Let d be ((-20)/110 - (-64)/(-11)) + 4. Let w(l) = l**3 + 2*l + 0 - 2 + 4*l**2 - 2*l**3. What is the tens digit of w(d)?
1
Let f = -107 + 128. What is the units digit of -4*(-5)/(-3)*f/(-14)?
0
Suppose -s - 4 = -35. Let y = -25 + s. What is the units digit of y?
6
Suppose 4*n - 1423 - 3021 = 0. What is the tens digit of n?
1
Suppose a - 3*t + 16 = -5*t, -3 = -2*a + 3*t. Let g be 1 + (-3)/(a + 3). Suppose 2*r + r = -3*v + 24, g*r = 5*v - 5. What is the units digit of v?
3
Suppose 4*b - 11 = 3*b. Suppose b*j + 4 = 7*j. What is the tens digit of (3 - 0) + j - -9?
1
Let i = 12712 + -7510. What is the units digit of i?
2
What is the hundreds digit of (108/26 - (-64)/(-416)) + 863?
8
Let x(w) = -w**2 - 3*w - 1. Let a be x(-2). Suppose -2*f = -3*n - a - 0, -2*f + 5*n = -3. What is the units digit of 0/(-1 + f) - -6?
6
Suppose -p - m + 928 = 0, 16*p - 11*p + 2*m - 4655 = 0. What is the hundreds digit of p?
9
Let u = -1 - 14. Let n be (-42)/5*(16 - 1)/(-3). Let f = n + u. What is the units digit of f?
7
Let u = -3 + 5. Let x(f) = -f**3 + 3*f**2 + 5*f - 4. Let q be x(4). Suppose -3*n + u*n - 3*c + 19 = q, -4*c - 12 = 0. What is the units digit of n?
8
Let p be 0 + 8 - (-1 + 1). What is the tens digit of -58*(-4)/(0 + p)?
2
Let w be (48/9)/(4/18). Suppose w = 2*z - 20. What is the tens digit of z?
2
Suppose 27*g = 32*g - 1360. Let y = g + -39. What is the units digit of y?
3
Let u(o) = 13*o - 3. Let s be u(9). Suppose p = -2*p + s. What is the tens digit of p?
3
What is the tens digit of ((-28)/112)/((-2)/3176)?
9
Let w(q) = -q**3 - 3*q**2 + 4*q - 2. Let j be w(-4). Let t(h) = -7*h**3 - 2*h. Let x be t(j). Suppose 0 = -6*a + 2*a + x. What is the tens digit of a?
1
Let p be (-12008)/(-57) + 4/3. Suppose 0 = 3*c + c - p. What is the tens digit of c?
5
Let d(z) = -8*z - 5. Let t be d(4). Let k(g) = -g**2 - 17*g + 14. Let u be k(-14). Let w = t + u. What is the units digit of w?
9
Suppose 5737 + 143 = 14*j. What is the tens digit of j?
2
Suppose -4*l = -h - 4, -3*l - 2 + 5 = -h. Suppose v = 4*p + p + 25, h = -2*v - p + 6. Suppose 7 = 3*y + 5*q - 3, v*y - 54 = q. What is the units digit of y?
0
What is the units digit of (2 - -9)*9/(36/1696)?
4
Suppose c - 2 = -0*c. Let p(w) be the second derivative of w**5/20 + w**4/12 - w**2/2 + 2*w. What is the tens digit of p(c)?
1
Let d = -4259 - -6108. What is the hundreds digit of d?
8
Suppose -5*c = d - 806, 6*c = 3*c - 3*d + 486. Suppose -5*k - 5*w + c = -2*k, 0 = 2*k + 3*w - 107. Suppose 0 = -3*q + k - 19. What is the tens digit of q?
1
Suppose -b = -0*b + 5*n + 18, -b = 3*n + 8. What is the units digit of (b - 5)/((-2)/(-14))?
4
What is the hundreds digit of 3/9*-1*9 + 2049?
0
Suppose -27 = -4*g + 1725. What is the units digit of g?
8
Let r(m) = 2*m + 193. What is the tens digit of r(-12)?
6
Let r be 84/22 + (-6)/(-33). Suppose r*b + 1 = -11. What is the tens digit of 4/(-6) + (-50)/b?
1
Suppose 4*n = -0*n + 12. Suppose -n*g + 2*y + 49 = 0, 4*g = g - 4*y + 19. Let h = g - -3. What is the units digit of h?
6
Let h = -1041 - -2927. What is the thousands digit of h?
1
Suppose 12 + 11 = -t. Suppose 5*i = -5*w - 10, 11*w + 22 = -i + 6*w. Let y = i - t. What is the units digit of y?
6
Suppose 3*o + 19 = -2*o + 2*y, o - 4*y = -11. What is the tens digit of o + (2 - (-64 + 2))?
6
Let m = 759 + 129. What is the units digit of m?
8
Let x(t) = -122*t**2 + t + 1. Let w be x(-1). Let k = 35 - w. What is the hundreds digit of k?
1
Let g = 112 - -64. What is the hundreds digit of g?
1
Let b be 40725/60 + (-6)/8. Suppose 2*u + 236 = b. What is the units digit of u?
1
Let v = 70 - -138. Suppose 3*q - v = -l - q, -5*q - 217 = -l. What is the tens digit of l?
1
Let v(i) = 275*i - 298. What is the units digit of v(18)?
2
What is the hundreds digit of (14 + -2)/60 + 7534/5?
5
Let l(d) = 2*d**2 + 5*d + 1. Let x be l(7). Suppose 0 = 3*b + 2*b - y - x, 2 = 2*y. What is the units digit of b?
7
Let r = -1107 + 1622. What is the hundreds digit of r?
5
Suppose 4*t - 5*c - 81 = 0, 15 = -3*t + 4*c + 76. Let m = 8 - 12. What is the units digit of (4/m - -2)*t?
9
Let h(x) be the second derivative of -57*x**5/20 + x**4/6 + x**3/3 + x**2/2 + 7*x. What is the units digit of h(-1)?
8
Let g(h) = h**2 + 8*h - 7. Let w be g(-9). Suppose -2*p + 14 = w*n, 5*p - 22 = -4*n + 11. Suppose 0 = -p*u + 102 + 13. What is the units digit of u?
3
Let w(a) = 15*a**2 + 26*a - 553. What is the hundreds digit of w(15)?
2
Let c be -22*5/(-5)*241/2. Suppose -15*u + c = -4*u. What is the units digit of u?
1
Suppose -2*y + 216 = -0*y. What is the tens digit of (1 - -2)/6*y?
5
Suppose 2*t + 103 - 903 = 0. What is the tens digit of t?
0
Let f(q) be the second derivative of q**5/20 + 5*q**4/12 + 5*q**3/6 + 3*q**2/2 + 7*q. What is the units digit of f(-3)?
6
Suppose -342 = f - 3*f. What is the units digit of f?
1
Suppose -236 = k - 240. Let c(f) = -2*f - f**2 + 7*f + 3 + 0. What is the units digit of c(k)?
7
Let y(v) = 2*v**3 + 6*v**2 + 4*v - 5. Let g be y(-5). Let s = 206 + g. Suppose -2*d + 6 = 0, 3*q - 8*d + 6*d - s = 0. What is the units digit of q?
9
What is the units digit of (4/(32/(-4)))/((-31)/101804)?
2
Suppose 4*u - 222 = -2*u. Suppose 5*h + 300 + u = 4*q, 0 = -2*q - 2*h + 146. What is the units digit of q?
8
Let l(v) = v**3 - 6*v**2 + v + 1. Suppose 0 = -3*w + a + 16, 2*a + 6 = 5*a. Let k be l(w). Let y(h) = h**2 - 5*h - 7. What is the units digit of y(k)?
7
Suppose 0 = -11*z + 552 + 3463. What is the tens digit of z?
6
Let d(j) = 7*j - 17. What is the tens digit of d(4)?
1
Suppose 74 = 2*v + a, -5*a = -8 - 2. Suppose -2*m + 186 = v. What is the tens digit of m?
7
Suppose -5 = 4*u - 9*u - 3*v, -5 = v. Suppose 16 = u*c + 4*b, -3*c - 2*b + 10 = -0*c. Suppose -y + 13 = c*h, 5*y - 4*h - 24 = 111. What is the units digit of y?
3
Let u(h) = -h**3 - 8*h**2 - h + 10. Let t be u(-8). Let j be ((-6)/t)/(1/(-6)). Suppose 0 = -4*n + 3*o + 2 - 1, -5*n = -3*o - j. What is the units digit of n?
1
Suppose 4*d - 3362 - 5740 = -3*m, -2*m + 2*d = -6082. What is the hundreds digit of m?
0
Suppose -868*g + 872*g - 2812 = 0. What is the hundreds digit of g?
7
Let g(f) = 434*f - 28. What is the tens digit of g(6)?
7
Suppose -3*y + 6*y - 639 = 0. Let w = y + -150. What is the tens digit of w?
6
Suppose 2*n - 5 = -3*n - l, 0 = 2*n + l - 2. Suppose 2*w - 60 = 5*w. Let b = n - w. What is the tens digit of b?
2
Let m(v) = v**2 + 3*v - 6. Let x be m(-10). Let u = -37 + 2. Let t = u + x. What is the tens digit of t?
2
Let v(u) = -3*u + 24. Let h(d) = d**2. Let q be h(1). Suppose -3*n + 20 = 4*r + n, r - q = -3*n. What is the units digit of v(r)?
3
What is the tens digit of (-1050)/28*(-50)/3?
2
Suppose -30 = -4*m + 3*r - r, -15 = -5*m - 5*r. Suppose -3*a + 58 = -s, 5*a - m*s + s = 110. What is the units digit of a?
8
Let d(h) = h**3 + 12*h**2 - 3*h + 6. Let i be 4/(-8)*1*0. Suppose n + g + 4*g = -12, -3*n - 2*g - 36 = i. What is the units digit of d(n)?
2
Let t(z) be the first derivative of -z**4/4 - 7*z**3/3 - 5*z**2/2 + 10*z + 4. Let w be t(-6). What is the tens digit of ((-12)/w - 0) + 48?
4
Let n be (-1)/((8/(-6))/4). Suppose -n*g = -6*g. Suppose -3*v = 4*f - 70, 102 = 4*v - g*f + f. What is the tens digit of v?
2
Suppose -15*a = 1521 - 23376. What is the tens digit of a?
5
Suppose 5*u + 80 = 3*u. Let z = u + 42. What is the units digit of z?
2
Let t be 3 - 2 - (-6 - (-2 - -1)). What is the hundreds digit of (t/(-4))/((-1)/82)?
1
Let j(n) be the first derivative of -n**2 + 12*n + 3. Let x be j(5). Suppose 6 + 28 = x*i. What is the tens digit of i?
1
Let g(q) = -5*q + 6. Suppose 2*r + 46 - 12 = 0. What is the tens digit of g(r)?
9
What is the tens digit of 29974/175*5 - (-6)/(-15)?
5
Let o be (-12)/24 + 6/4. What is the tens digit of ((-3)/(-6))/(o/62)?
3
Let u(j) = -j + 2. Let g = -1 + -3. Let f be u(g). What is the tens digit of 39/(-2)*(-4)/f?
1
Let k(d) = d**3 - 2*d**2 - d - 3. Let h = -17 + 20. Let o be k(h). Suppose -4*l = -n + 64, 0*l - 157 = -o*n + 5*l. What is the tens digit of n?
4
Let i(w) be the second derivative of 1/2*w**4 + 0 - 3/2*w**2 + 0*w**3 - 6*w + 1/20*w**5. What is the units digit of i(-4)?
9
Let i = 386 - -452. What is the hu